{"id":43,"date":"2014-08-22T15:54:21","date_gmt":"2014-08-22T15:54:21","guid":{"rendered":"http:\/\/localhost:88\/ikmptwp\/?page_id=43"},"modified":"2018-11-15T16:12:28","modified_gmt":"2018-11-15T16:12:28","slug":"certificacao-dgert","status":"publish","type":"page","link":"http:\/\/www.ikm-portugal.com\/wp\/?page_id=43","title":{"rendered":"Certifica\u00e7\u00e3o DGERT"},"content":{"rendered":"<h2>Certifica\u00e7\u00e3o DGERT<\/h2>\n<p><img loading=\"lazy\" decoding=\"async\" class=\"pull-left alignnone wp-image-1196 size-medium\" src=\"http:\/\/www.ikm-portugal.com\/wp\/wp-content\/uploads\/2018\/11\/DGERT_Aprender-Compensa-300x252.jpg\" alt=\"\" width=\"300\" height=\"252\" srcset=\"http:\/\/www.ikm-portugal.com\/wp\/wp-content\/uploads\/2018\/11\/DGERT_Aprender-Compensa-300x252.jpg 300w, http:\/\/www.ikm-portugal.com\/wp\/wp-content\/uploads\/2018\/11\/DGERT_Aprender-Compensa-150x126.jpg 150w, http:\/\/www.ikm-portugal.com\/wp\/wp-content\/uploads\/2018\/11\/DGERT_Aprender-Compensa.jpg 320w\" sizes=\"auto, (max-width: 300px) 100vw, 300px\" \/><\/p>\n<p><strong>A IKM-Portugal \u00e9 agora certificada pela DGERT em forma\u00e7\u00e3o de professores e formadores.<\/strong><\/p>\n<p>Uma excelente noticia para os nossos instrutores e alunos.<\/p>\n<p>Na sequ\u00eancia do pedido que foi remetido pela IKM-Portugal, atrav\u00e9s da Aprender Compensa \u2013 Associa\u00e7\u00e3o de Defesa Pessoal e T\u00e1cticas de Combate, \u00e0 Direc\u00e7\u00e3o-Geral do Emprego e das Rela\u00e7\u00f5es de Trabalho, DGERT, o servi\u00e7o central da administra\u00e7\u00e3o directa do Estado que tem por miss\u00e3o apoiar a conce\u00e7\u00e3o das pol\u00edticas relativas ao emprego, forma\u00e7\u00e3o e certifica\u00e7\u00e3o profissional e \u00e0s rela\u00e7\u00f5es profissionais, incluindo as condi\u00e7\u00f5es de trabalho e de seguran\u00e7a, sa\u00fade e bem-estar no trabalho, cabendo-lhe ainda o acompanhamento e fomento da contrata\u00e7\u00e3o coletiva e a preven\u00e7\u00e3o de conflitos coletivos de trabalho, foi concedida a certifica\u00e7\u00e3o desta entidade na \u00e1rea de educa\u00e7\u00e3o e forma\u00e7\u00e3o, 146 \u2013 Forma\u00e7\u00e3o de professores e formadores de \u00e1reas tecnol\u00f3gicas, desde 18 de Setembro de 2012.<\/p>\n","protected":false},"excerpt":{"rendered":"<p>Certifica\u00e7\u00e3o DGERT A IKM-Portugal \u00e9 agora certificada pela DGERT em forma\u00e7\u00e3o de professores e formadores. Uma excelente noticia para os nossos instrutores e alunos. Na sequ\u00eancia do pedido que foi remetido pela IKM-Portugal, atrav\u00e9s da Aprender Compensa \u2013 Associa\u00e7\u00e3o de Defesa Pessoal e T\u00e1cticas de Combate, \u00e0 Direc\u00e7\u00e3o-Geral do Emprego e das Rela\u00e7\u00f5es de Trabalho, [&hellip;]<\/p>\n","protected":false},"author":4,"featured_media":0,"parent":37,"menu_order":0,"comment_status":"open","ping_status":"open","template":"","meta":{"footnotes":""},"class_list":["post-43","page","type-page","status-publish","hentry"],"_links":{"self":[{"href":"http:\/\/www.ikm-portugal.com\/wp\/index.php?rest_route=\/wp\/v2\/pages\/43","targetHints":{"allow":["GET"]}}],"collection":[{"href":"http:\/\/www.ikm-portugal.com\/wp\/index.php?rest_route=\/wp\/v2\/pages"}],"about":[{"href":"http:\/\/www.ikm-portugal.com\/wp\/index.php?rest_route=\/wp\/v2\/types\/page"}],"author":[{"embeddable":true,"href":"http:\/\/www.ikm-portugal.com\/wp\/index.php?rest_route=\/wp\/v2\/users\/4"}],"replies":[{"embeddable":true,"href":"http:\/\/www.ikm-portugal.com\/wp\/index.php?rest_route=%2Fwp%2Fv2%2Fcomments&post=43"}],"version-history":[{"count":8,"href":"http:\/\/www.ikm-portugal.com\/wp\/index.php?rest_route=\/wp\/v2\/pages\/43\/revisions"}],"predecessor-version":[{"id":1197,"href":"http:\/\/www.ikm-portugal.com\/wp\/index.php?rest_route=\/wp\/v2\/pages\/43\/revisions\/1197"}],"up":[{"embeddable":true,"href":"http:\/\/www.ikm-portugal.com\/wp\/index.php?rest_route=\/wp\/v2\/pages\/37"}],"wp:attachment":[{"href":"http:\/\/www.ikm-portugal.com\/wp\/index.php?rest_route=%2Fwp%2Fv2%2Fmedia&parent=43"}],"curies":[{"name":"wp","href":"https:\/\/api.w.org\/{rel}","templated":true}]}}

Certificação DGERT

<h2>Certificação DGERT</h2>
<p><img loading="lazy" decoding="async" class="pull-left alignnone wp-image-1196 size-medium" src="http://www.ikm-portugal.com/wp/wp-content/uploads/2018/11/DGERT_Aprender-Compensa-300x252.jpg" alt="" width="300" height="252" srcset="http://www.ikm-portugal.com/wp/wp-content/uploads/2018/11/DGERT_Aprender-Compensa-300x252.jpg 300w, http://www.ikm-portugal.com/wp/wp-content/uploads/2018/11/DGERT_Aprender-Compensa-150x126.jpg 150w, http://www.ikm-portugal.com/wp/wp-content/uploads/2018/11/DGERT_Aprender-Compensa.jpg 320w" sizes="auto, (max-width: 300px) 100vw, 300px" /></p>
<p><strong>A IKM-Portugal é agora certificada pela DGERT em formação de professores e formadores.</strong></p>
<p>Uma excelente noticia para os nossos instrutores e alunos.</p>
<p>Na sequência do pedido que foi remetido pela IKM-Portugal, através da Aprender Compensa – Associação de Defesa Pessoal e Tácticas de Combate, à Direcção-Geral do Emprego e das Relações de Trabalho, DGERT, o serviço central da administração directa do Estado que tem por missão apoiar a conceção das políticas relativas ao emprego, formação e certificação profissional e às relações profissionais, incluindo as condições de trabalho e de segurança, saúde e bem-estar no trabalho, cabendo-lhe ainda o acompanhamento e fomento da contratação coletiva e a prevenção de conflitos coletivos de trabalho, foi concedida a certificação desta entidade na área de educação e formação, 146 – Formação de professores e formadores de áreas tecnológicas, desde 18 de Setembro de 2012.</p>

<p>Certificação DGERT A IKM-Portugal é agora certificada pela DGERT em formação de professores e formadores. Uma excelente noticia para os nossos instrutores e alunos. Na sequência do pedido que foi remetido pela IKM-Portugal, através da Aprender Compensa – Associação de Defesa Pessoal e Tácticas de Combate, à Direcção-Geral do Emprego e das Relações de Trabalho, [&hellip;]</p>
